s divided by 600.
282
What is the remainder when 2825102 is divided by 23?
12
What is the remainder when 15287 is divided by 204?
191
Calculate the remainder when 7775 is divided by 43.
35
Calculate the remainder when 496789 is divided by 35.
34
Calculate the remainder when 146223 is divided by 296.
295
What is the remainder when 4928 is divided by 1011?
884
Calculate the remainder when 730754 is divided by 925.
4
What is the remainder when 2360 is divided by 149?
125
What is the remainder when 345074 is divided by 645?
644
Calculate the remainder when 4959 is divided by 44.
31
Calculate the remainder when 64386 is divided by 235.
231
What is the remainder when 17268 is divided by 20?
8
Calculate the remainder when 4962 is divided by 66.
12
Calculate the remainder when 1605 is divided by 131.
33
Calculate the remainder when 122492 is divided by 13.
6
Calculate the remainder when 4383 is divided by 2164.
55
Calculate the remainder when 417 is divided by 380.
37
Calculate the remainder when 21599 is divided by 7014.
557
What is the remainder when 48010 is divided by 11?
6
Calculate the remainder when 320793 is divided by 175.
18
What is the remainder when 165258 is divided by 31?
28
Calculate the remainder when 142823 is divided by 1414.
9
What is the remainder when 4264 is divided by 450?
214
What is the remainder when 31570 is divided by 57?
49
Calculate the remainder when 39574 is divided by 408.
406
Calculate the remainder when 6571 is divided by 273.
19
What is the remainder when 125251 is divided by 20864?
67
What is the remainder when 377245 is divided by 8982?
1
What is the remainder when 771571 is divided by 309?
307
Calculate the remainder when 646 is divided by 65.
61
Calculate the remainder when 3069 is divided by 58.
53
What is the remainder when 304511 is divided by 96?
95
What is the remainder when 2180 is divided by 91?
87
Calculate the remainder when 122346 is divided by 29.
24
What is the remainder when 20385 is divided by 358?
337
Calculate the remainder when 254577 is divided by 63641.
13
Calculate the remainder when 7534 is divided by 3753.
28
Calculate the remainder when 136798 is divided by 228.
226
What is the remainder when 46 is divided by 36?
10
What is the remainder when 6629 is divided by 110?
29
Calculate the remainder when 7063 is divided by 353.
3
What is the remainder when 275518 is divided by 8608?
62
What is the remainder when 57443 is divided by 167?
162
Calculate the remainder when 8514 is divided by 2123.
22
Calculate the remainder when 71923 is divided by 380.
103
Calculate the remainder when 90279 is divided by 182.
7
What is the remainder when 1433944 is divided by 238990?
4
Calculate the remainder when 320344 is divided by 111.
109
What is the remainder when 12119 is divided by 869?
822
What is the remainder when 29399 is divided by 8?
7
What is the remainder when 251913 is divided by 125948?
17
Calculate the remainder when 5600 is divided by 2638.
324
Calculate the remainder when 1299 is divided by 475.
349
What is the remainder when 3562 is divided by 32?
10
What is the remainder when 117078 is divided by 117045?
33
What is the remainder when 92678 is divided by 18533?
13
What is the remainder when 27485 is divided by 8?
5
What is the remainder when 40101 is divided by 1001?
61
Calculate the remainder when 4124 is divided by 48.
44
Calculate the remainder when 6529 is divided by 51.
1
What is the remainder when 3541 is divided by 68?
5
Calculate the remainder when 62892 is divided by 100.
92
Calculate the remainder when 7380 is divided by 961.
653
What is the remainder when 21809 is divided by 30?
29
What is the remainder when 36774 is divided by 371?
45
Calculate the remainder when 981345 is divided by 140192.
1
Calculate the remainder when 2559 is divided by 16.
15
What is the remainder when 5522 is divided by 5509?
13
What is the remainder when 1002 is divided by 443?
116
What is the remainder when 150427 is divided by 245?
242
Calculate the remainder when 11794 is divided by 2355.
19
Calculate the remainder when 119760 is divided by 19960.
0
What is the remainder when 20142 is divided by 117?
18
What is the remainder when 14766 is divided by 96?
78
What is the remainder when 732092 is divided by 311?
309
Calculate the remainder when 38018 is divided by 10.
8
Calculate the remainder when 26934 is divided by 20.
14
Calculate the remainder when 212 is divided by 69.
5
What is the remainder when 137266 is divided by 372?
370
Calculate the remainder when 66442 is divided by 22143.
13
Calculate the remainder when 4744 is divided by 886.
314
What is the remainder when 11776 is divided by 740?
676
Calculate the remainder when 2599 is divided by 365.
44
What is the remainder when 1947 is divided by 830?
287
What is the remainder when 34331 is divided by 315?
311
Calculate the remainder when 2133 is divided by 854.
425
Calculate the remainder when 378389 is divided by 137.
132
What is the remainder when 682 is divided by 219?
25
Calculate the remainder when 9034 is divided by 17.
7
Calculate the remainder when 182341 is divided by 457.
455
What is the remainder when 8405 is divided by 94?
39
Calculate the remainder when 19401 is divided by 549.
186
What is the remainder when 4009 is divided by 663?
31
Calculate the remainder when 247532 is divided by 27503.
5
Calculate the remainder when 1409 is divided by 694.
21
What is the remainder when 7517 is divided by 1068?
41
What is the remainder when 664434 is divided by 98?
92
What is the remainder when 7843 is divided by 106?
105
What is the remainder when 248 is divided by 229?
19
Calculate the remainder when 94382 is divided by 34.
32
Calculate the remainder when 122113 is divided by 343.
5
Calculate the remainder when 77438 is divided by 168.
158
Calculate the remainder when 22170 is divided by 42.
36
What is the remainder when 155873 is divided by 1199?
3
What is the remainder when 355348 is divided by 1033?
1029
Calculate the remainder when 2982 is divided by 344.
230
What is the remainder when 16139 is divided by 16?
11
Calculate the remainder when 18976 is divided by 417.
211
Calculate the remainder when 104331 is divided by 26081.
7
What is the remainder when 50393 is divided by 88?
57
Calculate the remainder when 56259 is divided by 28125.
9
What is the remainder when 452126 is divided by 8?
6
What is the remainder when 7528 is divided by 131?
61
What is the remainder when 811532 is divided by 424?
420
Calculate the remainder when 7236 is divided by 86.
12
What is the remainder when 70224 is divided by 8771?
56
What is the remainder when 123318 is divided by 199?
137
What is the remainder when 7943 is divided by 232?
55
What is the remainder when 1444 is divided by 307?
216
What is the remainder when 31109 is divided by 22?
1
What is the remainder when 22981 is divided by 767?
738
Calculate the remainder when 33216 is divided by 11069.
9
What is the remainder when 304034 is divided by 15?
14
What is the remainder when 1590 is divided by 24?
6
Calculate the remainder when 5135 is divided by 25.
10
Calculate the remainder when 49905 is divided by 247.
11
Calculate the remainder when 15408 is divided by 3354.
1992
Calculate the remainder when 13838 is divided by 14.
6
Calculate the remainder when 193345 is divided by 205.
30
What is the remainder when 50797 is divided by 61?
45
What is the remainder when 8083 is divided by 2648?
139
What is the remainder when 1122 is divided by 171?
96
What is the remainder when 3211 is divided by 22?
21
Calculate the remainder when 28427 is divided by 2004.
371
What is the remainder when 194 is divided by 3?
2
Calculate the remainder when 13224 is divided by 571.
91
Calculate the remainder when 46170 is divided by 3845.
30
Calculate the remainder when 15630 is divided by 1952.
14
What is the remainder when 10409 is divided by 97?
30
What is the remainder when 3670 is divided by 397?
97
What is the remainder when 716046 is divided by 143207?
11
Calculate the remainder when 25884 is divided by 57.
6
What is the remainder when 4267 is divided by 468?
55
Calculate the remainder when 617514 is divided by 25.
14
Calculate the remainder when 6334 is divided by 907.
892
What is the remainder when 1284 is divided by 505?
274
